 the hundreds digit of 18453?
4
What is the hundreds digit of 8723?
7
What is the thousands digit of 3592?
3
What is the tens digit of 4185?
8
What is the thousands digit of 4909?
4
What is the hundreds digit of 61947?
9
What is the thousands digit of 61504?
1
What is the units digit of 593?
3
What is the hundreds digit of 41478?
4
What is the ten thousands digit of 34401?
3
What is the tens digit of 165?
6
What is the thousands digit of 3865?
3
What is the hundreds digit of 1729?
7
What is the thousands digit of 157141?
7
What is the tens digit of 67489?
8
What is the tens digit of 5011?
1
What is the hundreds digit of 2251?
2
What is the hundreds digit of 46662?
6
What is the thousands digit of 3134?
3
What is the hundreds digit of 3717?
7
What is the units digit of 4154?
4
What is the tens digit of 15665?
6
What is the hundreds digit of 405?
4
What is the tens digit of 1417?
1
What is the thousands digit of 22638?
2
What is the hundreds digit of 2174?
1
What is the hundreds digit of 582?
5
What is the thousands digit of 4736?
4
What is the hundreds digit of 5091?
0
What is the hundreds digit of 2037?
0
What is the hundreds digit of 43695?
6
What is the ten thousands digit of 50215?
5
What is the tens digit of 3076?
7
What is the thousands digit of 15079?
5
What is the units digit of 424?
4
What is the hundreds digit of 32101?
1
What is the hundreds digit of 1614?
6
What is the hundreds digit of 3416?
4
What is the tens digit of 683?
8
What is the hundreds digit of 11929?
9
What is the hundreds digit of 54821?
8
What is the units digit of 11751?
1
What is the thousands digit of 5083?
5
What is the units digit of 676?
6
What is the hundreds digit of 19340?
3
What is the ten thousands digit of 118590?
1
What is the tens digit of 16970?
7
What is the tens digit of 942?
4
What is the thousands digit of 2001?
2
What is the ten thousands digit of 35508?
3
What is the tens digit of 47156?
5
What is the tens digit of 9333?
3
What is the thousands digit of 1728?
1
What is the hundreds digit of 80207?
2
What is the thousands digit of 20306?
0
What is the tens digit of 1832?
3
What is the units digit of 2035?
5
What is the thousands digit of 14125?
4
What is the hundreds digit of 2202?
2
What is the hundreds digit of 4113?
1
What is the units digit of 2345?
5
What is the units digit of 426?
6
What is the thousands digit of 15429?
5
What is the units digit of 4397?
7
What is the thousands digit of 1221?
1
What is the units digit of 569?
9
What is the units digit of 39500?
0
What is the units digit of 68633?
3
What is the thousands digit of 2626?
2
What is the hundreds digit of 1800?
8
What is the thousands digit of 2984?
2
What is the ten thousands digit of 93320?
9
What is the units digit of 987?
7
What is the hundreds digit of 18583?
5
What is the hundreds digit of 8761?
7
What is the hundreds digit of 34979?
9
What is the tens digit of 1843?
4
What is the hundreds digit of 11640?
6
What is the thousands digit of 57115?
7
What is the ten thousands digit of 24197?
2
What is the thousands digit of 8539?
8
What is the thousands digit of 1443?
1
What is the tens digit of 3292?
9
What is the hundreds digit of 4145?
1
What is the units digit of 3211?
1
What is the tens digit of 16853?
5
What is the hundreds digit of 239?
2
What is the tens digit of 722?
2
What is the units digit of 305?
5
What is the units digit of 18081?
1
What is the hundreds digit of 36584?
5
What is the units digit of 13349?
9
What is the units digit of 1948?
8
What is the ten thousands digit of 98106?
9
What is the tens digit of 958?
5
What is the units digit of 5715?
5
What is the tens digit of 25038?
3
What is the units digit of 15499?
9
What is the tens digit of 636?
3
What is the thousands digit of 6315?
6
What is the units digit of 426?
6
What is the hundreds digit of 59555?
5
What is the units digit of 1586?
6
What is the hundreds digit of 633?
6
What is the thousands digit of 37108?
7
What is the units digit of 2309?
9
What is the hundreds digit of 41233?
2
What is the thousands digit of 170547?
0
What is the tens digit of 2843?
4
What is the ten thousands digit of 25545?
2
What is the units digit of 1001?
1
What is the thousands digit of 26692?
6
What is the hundreds digit of 341?
3
What is the units digit of 972?
2
What is the units digit of 692?
2
What is the thousands digit of 1857?
1
What is the hundreds digit of 6746?
7
What is the units digit of 137632?
2
What is the units digit of 3694?
4
What is the units digit of 1764?
4
What is the hundreds digit of 3727?
7
What is the hundreds digit of 99509?
5
What is the units digit of 167607?
7
What is the tens digit of 303?
0
What is the tens digit of 3148?
4
What is the tens digit of 16682?
8
What is the hundreds digit of 788?
7
What is the hundreds digit of 2445?
4
What is the ten thousands digit of 14367?
1
What is the units digit of 7570?
0
What is the hundreds digit of 6116?
1
What is the hundreds digit of 14039?
0
What is the tens digit of 5355?
5
What is the thousands digit of 22271?
2
What is the tens digit of 40991?
9
What is the ten thousands digit of 66272?
6
What is the ten thousands digit of 35906?
3
What is the thousands digit of 4172?
4
What is the hundreds digit of 206?
2
What is the hundreds digit of 2910?
9
What is the hundreds digit of 211?
2
What is the thousands digit of 1300?
1
What is the units digit of 1533?
3
What is the hundreds digit of 3649?
6
What is the units digit of 1273?
3
What is the tens digit of 72707?
0
What is the tens digit of 9289?
8
What is the units digit of 580?
0
What is the tens digit of 6979?
7
What is the hundreds digit of 1420?
4
What is the units digit of 191?
1
What is the hundreds digit of 520?
5
What is the thousands digit of 2998?
2
What is the tens digit of 964?
6
What is the hundreds digit of 663?
6
What is the hundred thousands digit of 107581?
1
What is the tens digit of 89?
8
What is the tens digit of 1502?
0
What is the units digit of 18329?
9
What is the tens digit of 133?
3
What is the hundreds digit of 2836?
8
What is the units digit of 111572?
2
What is the units digit of 4128?
8
What is the ten thousands digit of 46968?
4
What is the hundreds digit of 66183?
1
What is the tens digit of 10?
1
What is the units digit of 182?
2
What is the tens digit of 138041?
4
What is the tens digit of 1425?
2
What is the hundreds digit of 10367?
3
What is the hundreds digit of 7764?
7
What is the hundreds digit of 6827?
8
What is the ten thousands digit of 23027?
2
What is the tens digit of 3011?
1
What is the tens digit of 6749?
4
What is the hundred thousands digit of 106007?
1
What is the hundreds digit of 17166?
1
What is the units digit of 105926?
6
What is the units digit of 27002?
2
What is the thousands digit of 1898?
1
What is the hundreds digit of 22780?
7
What is the hundreds digit of 14277?
2
What is the tens digit of 235?
3
What is the hundreds digit of 64184?
1
What is the hundreds digit of 518?
5
What is the tens digit of 281?
8
What is the units digit of 43?
3
What is the thousands digit of 2041?
2
What is the units digit of 1459?
9
What is the ten thousands digit of 25974?
2
What is the hundreds digit of 831?
8
What is the ten thousands digit of 69378?
6
What is the thousands digit of 5802?
5
What is the tens digit of 1269?
6
What is the units digit of 500?
0
What is the hundreds digit of 7490?
4
What is the units digit of 2509?
9
What is the thousands digit of 7380?
7
What is the hundreds digit of 3573?
5
What is the units digit of 280?
0
What is the units digit of 7427?
7
What is the thousands digit of 2650?
2
What is the tens digit of 11380?
8
What is the thousands digit of 2328?
2
What is the tens digit of 30794?
9
What is the units digit of 230?
0
What is the tens digit of 1648?
4
What is the tens digit of 1211?
1
What is the hundreds digit of 63261?
2
What is the units digit of 379?
9
What is the ten thousands digit of 101598?
0
What is the thousands digit of 6508?
6
What is the thousands digit of 2983?
2
What is the thousands digit of 10141?
0
What is the thousands digit of 94505?
4
What is the thousands digit of 86604?
6
What is the units digit of 63?
3
What is the thousands digit of 7965?
7
What is the hundreds digit of 1997?
9
What is the units digit 